s 10176 a multiple of 13?
False
Is 60 a factor of 4359?
False
Does 24 divide 367?
False
Is 36 a factor of 7603?
False
Is 37 a factor of 601?
False
Does 271 divide 44384?
False
Is 206 a factor of 59740?
True
Does 9 divide 703?
False
Does 14 divide 2254?
True
Is 9 a factor of 1025?
False
Is 1303 a multiple of 21?
False
Is 4 a factor of 6672?
True
Is 28 a factor of 12529?
False
Is 13 a factor of 9997?
True
Does 117 divide 12644?
False
Is 60 a factor of 14820?
True
Does 20 divide 558?
False
Is 6247 a multiple of 37?
False
Is 360 a multiple of 45?
True
Is 34 a factor of 500?
False
Is 3189 a multiple of 14?
False
Does 35 divide 8995?
True
Is 27 a factor of 216?
True
Is 117 a factor of 14634?
False
Is 1800 a multiple of 30?
True
Is 12214 a multiple of 31?
True
Is 285 a multiple of 15?
True
Is 6 a factor of 1705?
False
Is 27 a factor of 621?
True
Is 248 a multiple of 28?
False
Is 19 a factor of 912?
True
Is 32 a factor of 529?
False
Does 9 divide 192?
False
Is 17507 a multiple of 41?
True
Does 4 divide 446?
False
Does 28 divide 19789?
False
Does 4 divide 3051?
False
Does 133 divide 13162?
False
Is 45 a factor of 6736?
False
Does 103 divide 83479?
False
Is 211 a factor of 34919?
False
Does 16 divide 487?
False
Is 4 a factor of 1448?
True
Does 8 divide 11336?
True
Is 16354 a multiple of 74?
True
Is 29 a factor of 1131?
True
Does 29 divide 4094?
False
Is 27 a factor of 594?
True
Is 2 a factor of 2512?
True
Is 1341 a multiple of 44?
False
Is 2139 a multiple of 23?
True
Does 47 divide 799?
True
Does 12 divide 3522?
False
Is 6882 a multiple of 37?
True
Is 10 a factor of 997?
False
Is 2 a factor of 1015?
False
Is 18 a factor of 36?
True
Is 931 a multiple of 8?
False
Does 54 divide 567?
False
Does 13 divide 102460?
False
Does 12 divide 1116?
True
Is 4969 a multiple of 126?
False
Does 39 divide 83226?
True
Is 19 a factor of 51053?
True
Is 53 a factor of 212?
True
Is 11740 a multiple of 10?
True
Is 45 a factor of 6271?
False
Is 19 a factor of 496?
False
Does 36 divide 7452?
True
Does 24 divide 120?
True
Does 35 divide 2275?
True
Is 14 a factor of 21182?
True
Is 4 a factor of 2348?
True
Is 16420 a multiple of 10?
True
Does 34 divide 16958?
False
Is 15 a factor of 660?
True
Is 41904 a multiple of 251?
False
Is 2847 a multiple of 70?
False
Is 182 a multiple of 9?
False
Does 107 divide 46545?
True
Is 23800 a multiple of 17?
True
Is 36 a factor of 4937?
False
Is 11263 a multiple of 84?
False
Is 2954 a multiple of 14?
True
Does 3 divide 176?
False
Does 273 divide 45449?
False
Is 3078 a multiple of 18?
True
Is 44 a multiple of 8?
False
Is 1863 a multiple of 27?
True
Is 26 a factor of 34830?
False
Is 29 a factor of 103182?
True
Is 17 a factor of 16233?
False
Is 24 a factor of 22056?
True
Does 17 divide 36260?
False
Does 2 divide 92?
True
Does 20 divide 4619?
False
Is 41 a factor of 15442?
False
Is 7 a factor of 291?
False
Is 6 a factor of 834?
True
Is 1751 a multiple of 11?
False
Is 5 a factor of 380?
True
Is 3390 a multiple of 15?
True
Is 24168 a multiple of 9?
False
Does 20 divide 8770?
False
Is 21 a factor of 4979?
False
Is 49 a factor of 1237?
False
Is 15 a factor of 4665?
True
Is 2516 a multiple of 17?
True
Is 31 a factor of 13794?
False
Is 12512 a multiple of 17?
True
Is 63 a multiple of 21?
True
Is 12 a factor of 888?
True
Does 17 divide 4284?
True
Is 25 a factor of 410?
False
Does 66 divide 5874?
True
Is 3775 a multiple of 4?
False
Is 5 a factor of 52870?
True
Does 20 divide 239?
False
Does 26 divide 17992?
True
Does 82 divide 1932?
False
Is 714 a multiple of 6?
True
Does 4 divide 642?
False
Is 23 a factor of 368?
True
Is 18183 a multiple of 33?
True
Is 23759 a multiple of 102?
False
Is 242 a factor of 8712?
True
Does 22 divide 62151?
False
Is 175462 a multiple of 203?
False
Is 313 a multiple of 2?
False
Does 8 divide 280?
True
Is 1023 a multiple of 3?
True
Is 1323 a multiple of 21?
True
Is 35532 a multiple of 12?
True
Is 13 a factor of 156?
True
Does 61 divide 9717?
False
Does 36 divide 97812?
True
Is 2392 a multiple of 20?
False
Does 72 divide 1944?
True
Is 9 a factor of 144?
True
Is 8976 a multiple of 48?
True
Is 1306 a multiple of 29?
False
Is 5191 a multiple of 179?
True
Is 2232 a multiple of 24?
True
Does 76 divide 380?
True
Is 3 a factor of 34680?
True
Is 15 a factor of 94?
False
Is 74 a factor of 28046?
True
Does 9 divide 639?
True
Does 12 divide 988?
False
Is 5 a factor of 219?
False
Is 1427 a multiple of 16?
False
Is 25878 a multiple of 169?
False
Is 55 a factor of 4235?
True
Is 10 a factor of 484?
False
Does 8 divide 216?
True
Does 51 divide 26821?
False
Is 11408 a multiple of 17?
False
Is 5 a factor of 375?
True
Does 4 divide 416?
True
Does 25 divide 23300?
True
Is 435 a multiple of 20?
False
Does 20 divide 37985?
False
Does 52 divide 5160?
False
Is 30016 a multiple of 134?
True
Is 23 a factor of 3237?
False
Is 103 a factor of 11021?
True
Does 107 divide 30281?
True
Does 55 divide 3795?
True
Does 15 divide 3499?
False
Does 58 divide 1408?
False
Is 41 a factor of 33579?
True
Is 52 a factor of 18726?
False
Is 102 a multiple of 34?
True
Is 122653 a multiple of 225?
False
Is 17524 even?
True
Is 12184 even?
True
Does 100 divide 13300?
True
Does 138 divide 20286?
True
Is 15834 a multiple of 29?
True
Does 28 divide 113288?
True
Is 99 a factor of 158?
False
Is 37 even?
False
Is 88 a factor of 4664?
True
Is 52 a factor of 20852?
True
Does 4 divide 1258?
False
Does 25 divide 3275?
True
Is 8 a factor of 40?
True
Is 71 a factor of 39476?
True
Is 2875 a multiple of 48?
False
Is 420 a factor of 58800?
True
Is 29 a factor of 609?
True
Is 5 a factor of 11?
False
Is 2 a factor of 74?
True
Does 45 divide 13551?
False
Is 15 a factor of 1087?
False
Is 36071 a multiple of 21?
False
Does 36 divide 647?
False
Is 163 a multiple of 18?
False
Is 2021 a multiple of 47?
True
Does 9 divide 450?
True
Does 13 divide 638?
False
Does 3 divide 233?
False
Is 10 a factor of 20?
True
Does 80 divide 849?
False
Is 146 a factor of 4259?
False
Does 10 divide 4825?
False
Is 63613 a multiple of 110?
False
Is 7087 a multiple of 13?
False
Is 507 a multiple of 13?
True
Is 5179 a multiple of 103?
False
Is 501 a multiple of 16?
False
Is 8 a factor of 361?
False
Is 56 a factor of 1665?
False
Is 3 a factor of 236?
False
Does 2 divide 272?
True
Is 2067 a multiple of 15?
False
Is 9322 a multiple of 59?
True
Is 1043 a multiple of 3?
False
Does 80 divide 88640?
True
Is 6102 a multiple of 15?
False
Is 6 a factor of 13212?
True
Is 1133 a multiple of 67?
False
Is 7251 a multiple of 132?
False
Is 19 a factor of 304?
True
Is 34 a factor of 21879?
False
Does 84 divide 31080?
True
Is 40 a multiple of 4?
True
Is 36 a factor of 216?
True
Is 30 a multiple of 6?
True
Does 20 divide 6180?
True
Does 6 divide 62625?
False
Does 11 divide 2003?
False
Is 227 a multiple of 31?
False
Is 5 a factor of 7306?
False
Is 550 a multiple of 10?
True
Does 40 divide 802?
False
Is 24857 a multiple of 53?
True
Does 20 divide 1220?
True
Is 5358 a multiple of 47?
True
Is 4 a factor of 47353?
False
Does 16 divide 3472?
True
Is 3 a factor of 98?
False
Is 5 a factor of 805?
True
Is 11 a factor of 57997?
False
Is 1256 a multiple of 9?
False
Does 4 divide 1015?
False
Is 207 a factor of 524?
False
Is 41536 a multiple of 64?
True
Is 3360 a multiple of 30?
True
Is 84 a factor of 9072?
True
Does 16 divide 31?
False
Is 14 a factor of 5211?
False
Does 12 divide 18156?
True
Is 2253 a multiple of 10?
False
Does 18 divide 523?
False
Does 4 divide 943?
False
Is 37086 a multiple of 14?
True
Does 18 divide 1330?
False
Is 2390 a multiple of 8?
False
Is 1954 even?
True
Is 105 a factor of 15891?
False
Is 48 a factor of 192?
True
Is 1262 a multiple of 47?
False
Is 2540 a multiple of 35?
False
Does 57 divide 903?
False
Is 9 a factor of 4878?
True
Is 24 a factor of 9648?
True
Does 9 divide 5070?
False
Does 67 divide 67?
True
Is 250 a factor of 126250?
True
Is 1656 a multiple of 36?
True
Does 3 divide 13708?
False
Is 60 a factor of 33709?
False
Is 17 a factor of 374?
True
Is 7 a factor of 6860?
True
Is 3503 a multiple of 113?
True
Is 5 a factor of 5054?
False
Is 6530 a multiple of 57?
False
Is 9595 a multiple of 19?
True
Does 6 divide 189?
False
Is 384 a multiple of 24?
True
Is 149 a factor of 22367?
False
Is 383 a multiple of 47?
False
Is 1554 a multip